11). What is the greatest common divisor of 44 and k?
22
Suppose 0*l - 83 = -l. Let c = -59 + l. Suppose -3 = -v - 0. What is the highest common divisor of v and c?
3
Let n = -1860 - -1924. Let x = -79 + 114. Let u = x - 19. What is the greatest common factor of n and u?
16
Let m(k) = 2*k**3 - 6*k**2 - 4*k - 20. Let d be m(6). Calculate the highest common factor of 16 and d.
4
Let i = 24 + 1. Let j(r) = 5*r**3 - 10*r**2 + 9*r + 4. Suppose 0*l + 12 = 3*l. Let w be j(l). What is the greatest common divisor of w and i?
25
Let v(x) = -5*x - 25. Let p(d) = -d - 5. Let m(b) = -11*p(b) + 2*v(b). Let r be m(3). Suppose 2*s - 68 = -4. What is the highest common factor of r and s?
8
Let m(y) = -y**2 + 19*y. Let i be m(17). What is the highest common factor of 884 and i?
34
Let a(t) be the first derivative of t**3/3 + 6*t**2 + 9*t + 36. Let u be a(-12). Calculate the greatest common divisor of u and 99.
9
Let y = 45 - 30. Let k = -15 + 13. Let w be (k + 36/8)*6. Calculate the highest common factor of w and y.
15
Let j be 408/34 - (-8 - 0). What is the greatest common factor of 300 and j?
20
Let q = 416 - 299. What is the highest common factor of 26 and q?
13
Let m = 28 - 28. Suppose m*i = -i - 2*g - 2, 5*g = -i - 17. Calculate the highest common divisor of 8 and i.
8
Let g be (-54)/(-45)*(-10)/3. Let p = 7 + g. Let t = 8 + p. Calculate the greatest common factor of 99 and t.
11
Let s(g) = -g**3 - 7*g**2 + 26*g + 86. Let c be s(-10). Calculate the greatest common factor of 819 and c.
63
Suppose -30 = 40*o - 45*o. What is the highest common factor of 51 and o?
3
Let m be (-3)/3 + -2 - -1. Let h be m*(7 - 3)/8. Let g be (-3 + -17)/(h + 0). What is the greatest common divisor of g and 10?
10
Let t = 12 - 15. Let z be t/(-2)*(-94)/(-3). Suppose 5*c = -3*h + 6*h + 131, z = 2*c - 3*h. What is the greatest common divisor of c and 252?
28
Suppose 8*q = 13*q + 20. Let s(r) = -r**2 - 3*r - 3. Let b be s(q). Let x = b + 43. What is the highest common factor of 9 and x?
9
Suppose 3496 = 2*s - 342. Calculate the greatest common factor of s and 19.
19
Let v(g) = 10*g**2 - 14*g - 16. Let m be v(-1). Calculate the highest common factor of m and 808.
8
Let y = -18 - -10. Let g be (-2)/y + (-209)/(-44). What is the highest common divisor of g and 40?
5
Let h be (3/9 + (-186)/(-90))*30. Let c be h + (-22 - -18) + (1 - -1). Calculate the greatest common divisor of c and 14.
14
Let m(h) = -6*h - 2*h + 3*h + 3*h. Let w be m(-6). Let y be (-22)/(-2 - 22/(-12)). What is the greatest common factor of w and y?
12
Let u(g) = -g**3 - 6*g**2 + 16*g - 47. Let y be u(-9). What is the greatest common divisor of y and 871?
13
Let y(k) = 2*k**3 + 17*k**2 - 20*k - 9. Let q be y(-9). What is the greatest common factor of 20 and q?
10
Suppose 0*r + r = 5. Suppose -120 = -r*c + 2*c. Suppose 4*k - 220 = -4*j, 34*j = 37*j - 3*k - 195. What is the greatest common divisor of c and j?
20
Let t(m) = m**3 + 6*m**2 - 2. Let v be t(-6). Let g be (-1)/(v - (0 - 3)). Let y be -2 + (-156)/(-4) + g. What is the greatest common factor of y and 4?
4
Suppose 0*g = 9*g - g. Suppose g*r = 4*r - 44. Let d = -11 + 33. What is the highest common divisor of r and d?
11
Let k(r) = -38*r - 20. Let a be k(-5). Let d = -222 + 232. What is the highest common factor of d and a?
10
Suppose -127 + 12 = -q. Suppose 0 = -5*g + n + 117, 5*n + 165 = 155. What is the highest common factor of g and q?
23
Let n be (-52)/(-13) - ((-1 - 1) + 4). Suppose -y = -4*y - 5*r + 470, -5*r = -n*y + 280. What is the greatest common divisor of 30 and y?
30
Let j be 3753/12 + 6/(-8). Let n = 143 - j. Let u = 246 + n. Calculate the highest common divisor of u and 7.
7
Let a(r) = 7*r**2 - 3*r + 5. Let x be a(-3). Calculate the highest common factor of 7 and x.
7
Suppose 4*w - 111 = -0*w - 3*c, 2*w = -3*c + 63. Suppose -43*v = -49*v + 18. Calculate the highest common divisor of v and w.
3
Let y(o) = -o**3 - 11*o**2 + 3*o + 6. Let x be y(-11). Let d = x + 39. Calculate the highest common factor of d and 6.
6
Let v = 407 - 337. Let w be 702/4 - (-4)/(-8). What is the highest common divisor of w and v?
35
Suppose -3*c - 144 = 4*k, -5*c + 98 = -5*k + 3*k. Let z = 92 + k. Suppose b + g = 6*g + 25, b + 2*g - z = 0. What is the greatest common factor of 9 and b?
9
Let q be (-12)/(-10)*40/4. Let r = 46 + 2. What is the greatest common factor of r and q?
12
Suppose -5*z = 4*f - 68 - 1296, -5*z - f = -1361. Calculate the greatest common factor of 16 and z.
16
Let d(t) = 128*t - 176. Let m be d(3). What is the greatest common factor of 80 and m?
16
Let n be 9/3 - 0/1. Suppose -j = -n*m - 12, m + 1 = -3. Suppose j = 3*t - 7*t + 432. Calculate the greatest common factor of t and 12.
12
Suppose -3*t - 17*a + 20*a + 483 = 0, -2*a = 4*t - 668. Suppose 3*o - 53 = 4*q, 0 = -2*o + 4*q + 18 + 20. Calculate the highest common factor of o and t.
15
Let c be -5 - 7/14*-26. Let i(f) = -40*f**3 - f**2 - 2*f - 1. Let h be i(-1). What is the highest common divisor of c and h?
8
Suppose -5*z + 2 = -33. Suppose -11 = -5*x + 39. Suppose 5*b + x - 150 = 0. What is the greatest common factor of z and b?
7
Let l(p) = -2*p**3 - p**2 + 5*p - 2. Let v be l(3). Let t = 65 + v. What is the highest common divisor of 75 and t?
15
Let o = -46 - -42. Let g be (400/(-7))/o - (-6)/(-21). Calculate the highest common factor of 2 and g.
2
Suppose -8 - 2 = -5*b. Let d(s) = -17*s - 111. Let z be d(-7). What is the greatest common factor of z and b?
2
Suppose -70*o = -5*q - 73*o + 195, 0 = -3*o - 15. Calculate the highest common divisor of q and 672.
42
Suppose 4*h = -3*y + 420, -4*h + 6*h = -3*y + 204. Suppose r + 2*r = -h. Let p = 59 + r. What is the greatest common divisor of 46 and p?
23
Suppose 35 = 2*a + 5*q, -5*q - 36 = -4*a + 79. Suppose -200 = -l + 2*w, 4*l + 4*w - 482 = 318. Calculate the greatest common factor of l and a.
25
Let t(q) = q**3 + 8*q**2 - 3*q - 2. Suppose 22 + 10 = -4*b. Let c be t(b). Calculate the highest common divisor of 110 and c.
22
Suppose 3*q + q - 8 = 0. Suppose 0 = -q*w + 5 - 41. Let b = 32 + w. What is the greatest common factor of b and 14?
14
Let m be ((-2)/(-4))/((-1)/(310/(-5))). Suppose -27*i - 148 = -m*i. What is the highest common divisor of i and 74?
37
Let l(s) = s. Let q be l(-4). Let a = 6 + q. Let u be 469/14 - (-3)/a. What is the greatest common factor of u and 7?
7
Suppose c - 3863 = -4*g, 4*g - 2940 = 5*c + 929. What is the highest common divisor of g and 92?
46
Suppose 0 = 2*z - j + 212, 0*j = -5*z - 2*j - 530. Let n = z + 148. Calculate the greatest common divisor of n and 14.
14
Let k be 5*((-3)/2 + 1656/80). What is the greatest common factor of k and 40?
8
Suppose -228*b - 208 = -232*b. What is the greatest common divisor of b and 48?
4
Let b(h) = h**3 + 8*h**2 - 6*h - 13. Let f be b(-6). Let a be 4/(-18) + f/(-135)*-6. Let z = -1 - -45. What is the greatest common factor of z and a?
4
Let h(q) = 3*q**3 - 2*q + 3. Let l be h(1). Calculate the highest common factor of l and 44.
4
Let u be 75/20*6*(-12)/(-27). What is the greatest common factor of u and 2?
2
Let a(l) = l**3 + 7*l**2 - 2*l + 6. Let r be a(-7). Let b = -93 + 70. Let y = b + 31. Calculate the greatest common divisor of y and r.
4
Let w be ((-220)/5)/(-4 - 14/(-4)). What is the greatest common divisor of 99 and w?
11
Let i(f) = 173*f**3 - 2*f**2 + f - 1. Let j be i(1). Suppose 0 = -4*y - 0*y + 40. Let u be (-96)/(-5) - 2/y. What is the highest common divisor of j and u?
19
Suppose 0 = -3*a + a + 4. Suppose -5*n = -2*w + 78, -a*n + 117 = 3*w + 2*n. Let s = 65 - w. What is the highest common factor of 26 and s?
26
Let f be (-111)/((-4)/3 - (-2)/6). What is the highest common factor of f and 74?
37
Let y be 96/(-15) - (-6)/15. Let i be (-24)/(-2)*y/(-4). Let x(d) = d**2 - 2*d - 2. Let w be x(4). Calculate the highest common factor of w and i.
6
Suppose 0 = 2*j - j - 220. Calculate the highest common divisor of j and 20.
20
Let i be (15/9)/((4/(-6))/(-2)). Suppose -5*r = -i*g + 435, g - 2*g - 3*r + 103 = 0. What is the greatest common divisor of 13 and g?
13
Let r = -7 - -18. Suppose -c + 121 = -0*c. What is the highest common divisor of c and r?
11
Let p(c) = -13*c - 31. Let y be p(-3). Let a = 38 - 13. Suppose -a = -y*h + 3*h. What is the greatest common factor of h and 35?
5